lculate the remainder when t(5) is divided by k.
12
Suppose 0*r + 5*r = 195. Suppose -14 = -i + 4*s, -3*i + s = 3*s - 28. Calculate the remainder when r is divided by i.
9
Suppose 0 = -2*c - w + 20, c - 3*c + 12 = 5*w. Let i = -4 + c. Calculate the remainder when 56/3 - (-1)/3 is divided by i.
5
Let n(y) = -2*y**3 - 7*y**2 - 2. Let f(p) = -3*p**3 - 13*p**2 - 4. Let x(h) = -3*f(h) + 5*n(h). Calculate the remainder when 42 is divided by x(3).
9
Suppose -3*n - 8 = -5*n, 3*x + 4*n - 25 = 0. Suppose -x*r + 0 = -12. Calculate the remainder when 6 is divided by r.
2
Let z = 112 + -98. What is the remainder when 137 is divided by z?
11
What is the remainder when 66 is divided by 2944/207 + (-2)/(-18)*-2?
10
Let p(z) = -28*z**3 + 5*z**2 + z - 1. Calculate the remainder when p(-1) is divided by 16.
15
Calculate the remainder when 2/4*-25*66/(-55) is divided by 3 - 3 - (2 - 10).
7
Let q = -131 - -207. Suppose 58 = -5*w + 4*m + 187, m = 3*w - q. What is the remainder when w is divided by 13?
12
Let z(m) = 2*m**2 - 4*m - 9. What is the remainder when z(4) is divided by 5?
2
Suppose k - 66 = -9. What is the remainder when k is divided by 10?
7
Suppose 4*q + 7 = j - 1, 0 = -2*q. Calculate the remainder when 22 is divided by j.
6
Calculate the remainder when 71 is divided by (0/(-2))/(-4) - -24.
23
Let u(y) = 4*y + 1. Let k = 2 - 1. What is the remainder when u(k) is divided by 3?
2
Suppose 0 = 6*a - 11*a + 40. Let t(g) = g**2 - 3*g - 5. Let o be t(a). What is the remainder when (-10)/4*(-126)/o is divided by 4?
1
Let a = 1 - -6. Calculate the remainder when 26 is divided by a.
5
Let t(s) = -s**3 - s**2 - s + 28. Suppose 2*o - 297 = -5*p - 99, 3*p = -4*o + 424. Calculate the remainder when o is divided by t(0).
25
Let o = -70 + 81. What is the remainder when o is divided by 10?
1
Suppose 3*n - 3*u + 6 = 0, -7*u + 40 = 5*n - 2*u. Suppose 0 = 4*h - 23 + n. Calculate the remainder when h is divided by 2.
1
Let d be (0 + -49)/(1 - 0). Let i = -25 - d. Calculate the remainder when 47 is divided by i.
23
Let a be ((-251)/1)/((-1)/(-4)). Let h = a + 519. Calculate the remainder when 4/(-10) + h/(-25) is divided by 10.
9
Suppose 0 = -x + n - 1, -3*x + 2*n = 4. Let g(d) = 8*d - 3. Calculate the remainder when g(5) is divided by 26/(-3)*3/x.
11
Suppose -5*n = -120 - 530. Suppose 0 = j + 4*j - n. Calculate the remainder when 51 is divided by j.
25
Let b = -8 + 13. What is the remainder when 13 is divided by b?
3
Suppose 0 = -5*p + 240 + 90. Let s = -42 + p. Calculate the remainder when (-90)/s*12*-1 is divided by 12.
9
Let r(f) = f**2 + 7*f + 2. What is the remainder when (-1 - -2)/((-2)/(-72)) is divided by r(-8)?
6
Suppose -v = 3*v + 3*q - 18, 3*v - 5 = 2*q. Let y = v - -35. Calculate the remainder when y is divided by 2 + (2 - (-2 - 7)).
12
Suppose -3*y = -21 + 9. Suppose y*h = 4 + 12. Calculate the remainder when 11 is divided by h.
3
Calculate the remainder when (-151)/(-1) - (2 - 2) - -2 is divided by 26.
23
Let k(g) be the second derivative of -25*g**3/6 + g**2/2 + 2*g. Let t be (2/6)/((-2)/6). Calculate the remainder when k(t) is divided by 9.
8
Let g(s) = 2*s**2. What is the remainder when 13 is divided by g(2)?
5
Let q(j) = -j**2 + 11*j - 10. Suppose -17 = -v - 10. Calculate the remainder when q(7) is divided by v.
4
Suppose -2*b + 4*f = -0*f - 40, f + 108 = 4*b. What is the remainder when 81 is divided by b?
25
Suppose -4*q = 5*j - 15, -j + 32 = -0*j - 5*q. Suppose -a = 5*r - 6, -3*a = a - 4*r - 120. What is the remainder when a is divided by j?
5
Suppose -3*r + 3 = c - 8, 0 = -4*r - 8. Let l be (3/(-3) - 1) + 8. Suppose q = l - 0. Calculate the remainder when c is divided by q.
5
Suppose -4*w - 3*t = -190, -2*w + 4*t = -t - 82. What is the remainder when w is divided by 30/(-5)*16/(-6)?
14
Suppose -p + 12 + 22 = 0. Let s = -17 + p. What is the remainder when s is divided by 5?
2
Suppose -s - 5*l = 29, 4*l = -5*s - 0*s - 40. Calculate the remainder when 19 is divided by (-1)/s + 108/16.
5
Let k(x) = x + 40. Let r be k(0). Suppose 0 = g - 0*g - 28. Let l = r - g. What is the remainder when l is divided by 7?
5
Let h(j) = j - 10. Let l be h(7). What is the remainder when l - (0 - (-48)/(-2)) is divided by 11?
10
Let y = -71 + 77. What is the remainder when y is divided by 4?
2
Suppose 0 = -h + 2 + 2. Suppose -h*w + 13 = t, -4*t + 12 = -5*w + 2. What is the remainder when 2 is divided by w?
0
Suppose a - 5 = 4*q, 3*q - 3*a - 5 = -2. What is the remainder when 47/2 - q/(-4) is divided by (2 - 1)*1*12?
11
Let z = -28 + 43. Calculate the remainder when 56 is divided by z.
11
Suppose 3 - 6 = 3*j, 0 = 4*z + j + 33. Let g(b) = b**2 + 7*b - 3. Let a be g(z). Suppose -u + a = -13. Calculate the remainder when u is divided by 10.
8
Let z be 12/(-66) + (-180)/(-22). Suppose -u = -z - 4. Calculate the remainder when 32 is divided by u.
8
Let y be (-17)/(-4) + 18/24. What is the remainder when (-27)/15*(-125)/y is divided by 12?
9
Let k(f) = -5*f**2 + 14*f**2 + f**2 + f. Let a = 44 - 24. Calculate the remainder when a is divided by k(1).
9
Let m(t) = -t**2 + 6*t - 1. Let h be (-2 - 51) + 0 + 4. Let v = -43 - h. Calculate the remainder when v is divided by m(5).
2
Let j(h) = 4*h - 29. Calculate the remainder when j(24) is divided by 23.
21
Suppose 0 = 3*g - 4 - 8. Suppose 3*q + 57 = g*u, -2*u + 2 = 5*q - 7. What is the remainder when 46 is divided by u?
10
Let x be 3/(((-6)/4)/1). What is the remainder when 8 is divided by 3/(3 + x + 0)?
2
Let y(r) be the first derivative of -6*r + 3 - 9/2*r**2. What is the remainder when y(-4) is divided by 8?
6
Let o(k) = k + 5. Let m be o(-4). Suppose -2*v + m = z, z + 0*v = -v + 4. What is the remainder when 20 is divided by z?
6
Let y be 2/((-2)/1) + 2. What is the remainder when 4 + -3 - 8/(-1) is divided by 0 - (-1 - 3) - y?
0
Let j = 7 + 1. What is the remainder when 20 is divided by j?
4
Let b = -17 + 25. What is the remainder when 47 is divided by b?
7
Let d be 2/4 - (-2)/4. Let w be (3 + -1)*29/d. Suppose 18 + 14 = 2*b - v, -4*b = v - w. Calculate the remainder when 29 is divided by b.
14
Let j(u) be the first derivative of -u**4/4 + 2*u**3 - 3*u**2 + 6*u - 3. Calculate the remainder when 3/2 + (-412)/(-8) is divided by j(4).
11
Let r = 92 + -42. Calculate the remainder when r is divided by 26.
24
Suppose -5*b + 0*b = -70. What is the remainder when 55 is divided by b?
13
Suppose 2 + 3 = v. Suppose -15 = v*u, 2*u - 4*u = -2*c + 14. Suppose -5*q + 4*m = -10, c*m - 9 = -5*q + 41. What is the remainder when 16 is divided by q?
4
Suppose y + 0*b - b = 28, b = 5*y - 136. What is the remainder when 79 is divided by y?
25
Let j(r) = -r + 5. Let a(w) be the second derivative of w**5/20 - 7*w**4/12 + w**3/6 - w**2/2 - 2*w. What is the remainder when j(-5) is divided by a(7)?
4
Let m(n) = -n + 0*n + 3*n - 12. Calculate the remainder when 23 is divided by m(9).
5
Suppose -y = -2*y + 13. What is the remainder when 24 is divided by y?
11
What is the remainder when 285 is divided by -29 + 57 - 4/1?
21
Suppose i = -5*w + 43, -5*i = 5*w - 49 + 14. Calculate the remainder when 34 is divided by w.
7
Let v(q) = -2*q + 3. Let t be v(5). Suppose 5*d - 3*d - 24 = 0. What is the remainder when d is divided by (t/(-2))/(3/6)?
5
Let l(m) = -2*m - 10. Let u be -1*(-3)/9*12. Let f(a) = -a**2 + a + 5. Let o be f(u). Calculate the remainder when 10 is divided by l(o).
2
Let k(t) = 23*t**2 - t - 1. Suppose -7*f - 4 = -3*f. What is the remainder when k(f) is divided by (-1166)/(-99) - 4/(-18)?
11
Let b = 6 + 81. Calculate the remainder when b is divided by 22.
21
Let h(i) = 4*i**2 + 11*i + 3 - 2*i**2 + 2*i**2. Let b be h(-9). What is the remainder when (2/6)/(2/b) is divided by 13?
12
Let p = -8 - -14. Let q(c) = -14*c**3 - 3*c**2 - 3*c - 1. Let l be q(-2). What is the remainder when 1/4 + l/12 is divided by p?
3
Let m = 39 + -27. Let y = 8 - 13. Let h = 2 - y. What is the remainder when m is divided by h?
5
Let o(q) = -q**3 - 3*q**2 - 4*q - 1. Let i be o(-3). Let z = i + -23. Calculate the remainder when 54/z*8/(-6) is divided by 3.
0
Let y(v) = -8*v. Let w be y(2). Let g = w - -22. What is the remainder when 2*(0 + 11/2) is divided by g?
5
Let f be (-1)/(-2*3/12). Suppose -4*k + 228 = -f*n, -n + 6*n = -3*k + 184. What is the remainder when k is divided b